 126?
14
Suppose -83 - 208 = 3*k. Let f = 93 + k. Let z be 14 + f/16 + (-11)/4. Calculate the greatest common divisor of 143 and z.
11
Let i = -2456 + 5240. Calculate the highest common factor of 96 and i.
96
Let m(p) = -5 + 1 + 5 + 1 + 4*p**2 - p + 4*p**3. Let q be m(3). Let x be (-1)/(8/(-208)*2). Calculate the highest common divisor of x and q.
13
Suppose -y + 0 = 4, 3*v - 4*y = 52. Suppose a - 2*n - 39 = -0*n, -a + 39 = -4*n. Calculate the highest common factor of a and v.
3
Let h(z) = z**3 + 6*z**2 - 7*z + 10. Let v be h(-6). Let d = -37 - -89. Suppose 5*l - d = l. What is the highest common divisor of v and l?
13
Suppose -q - 2484*j = -2479*j - 138, 5*q - 3*j - 634 = 0. Calculate the highest common divisor of 42 and q.
2
Let b be (3/(-7))/((-8)/56). Suppose l = b*w + 97, 0 = 5*l + w + 163 - 728. What is the highest common divisor of l and 42?
14
Let k = 1264 - -176. What is the highest common factor of 180 and k?
180
Let d = 112 - 308. Let v = d - -252. Suppose -140 = -t + 5*c, 3*t + 5*c - 3*c - 420 = 0. Calculate the greatest common factor of v and t.
28
Suppose 8*y = y + 1561. Suppose 5*n + 3*i = -58 + y, -33 = -n + 3*i. What is the highest common factor of 3 and n?
3
Let l = 23 - -103. Suppose i + l = 3*i. Let z be (-21)/18*1 + (-3660)/(-360). Calculate the greatest common factor of z and i.
9
Let u be (81/12)/((-2)/(-8)). Let v(j) = j**3 - 5*j**2 - 17*j - 11. Let r be v(8). Suppose 6*d + 27 = r. Calculate the greatest common factor of d and u.
3
Suppose 0 = 18*q + 45 + 45. Let l(u) = -22*u - 66. Let z be l(q). What is the highest common factor of z and 33?
11
Let p(a) = 20*a - 178. Let f(i) = -2*i**2 - 24*i - 62. Let m be f(-6). Let l be p(m). Calculate the highest common factor of l and 429.
11
Let k = -9 + 29. Let h = 29 - k. Let z be h/4*6*(-2)/(-3). What is the highest common divisor of z and 27?
9
Let b be 0*(-1)/4 - -2. Suppose 3*g + 4 = b*g, 3*g - 153 = 5*u. Let x = u + 43. Calculate the greatest common divisor of x and 70.
10
Suppose -117203 - 74108 = -175*w + 12739. Calculate the greatest common factor of w and 242.
22
Suppose 2*g + 13 = 2*h + 7, 4*h = 16. Let n(v) = 18*v - 15. Let t be n(g). What is the greatest common factor of t and 13?
1
Let q be ((-52)/(-5) + 0)/((-5)/(-25)). Suppose 4*k = 6*k - q. Let p be (-3888)/(-30) + (-8)/(-20). Calculate the highest common divisor of p and k.
26
Suppose -1284 = -102*n + 5138 - 1118. Calculate the highest common divisor of 13312 and n.
52
Let q(v) = -v**3 - 12*v**2 - 39*v - 16. Let h be q(-7). Suppose 5*u + 539 = h*u. What is the greatest common factor of 44 and u?
11
Suppose 0 = -73*y + 228520 + 3109. Calculate the greatest common divisor of y and 133.
19
Let r = -918 + 1504. What is the greatest common factor of 2 and r?
2
Suppose 2*u + 396 = -2*h, -2*h - 227 = u + 164. Let j = h + 201. What is the highest common factor of 176 and j?
8
Suppose -10*b + 46915 = 12390 - 44525. What is the greatest common divisor of b and 51?
51
Let c = -6918 + 20243. What is the highest common factor of 25 and c?
25
Let m(v) = 30*v**3 - 90*v + 475. Let a be m(5). Calculate the highest common factor of a and 302.
151
Let h(n) = -8011*n - 1254. Let p be h(-1). What is the greatest common divisor of p and 87?
29
Suppose -10*t + 51 = -19. Suppose 5*a = j - 84, -a = 2*j - t*j + 372. Suppose 5*b - 634 = -j. What is the highest common divisor of 32 and b?
16
Suppose -12*q + 12 = -8*q. Suppose q*r + 237 = 657. What is the greatest common factor of r and 20?
20
Let o = -94 - -162. Let u = 79 - o. Let f(n) = n**2 - 6*n - 38. Let v be f(u). What is the highest common factor of v and 136?
17
Let c(a) = -264*a - 1253. Let v be c(-26). What is the highest common factor of v and 217?
31
Let c be (36/(-7))/(226/(-791)). What is the highest common divisor of c and 2250?
18
Suppose -4*q + 139 + 45 = 0. Suppose -5*o = -24 - q. Suppose 5*a + 67 = i, 0 = 4*i + 3*a - 53 - 100. Calculate the highest common factor of o and i.
14
Let i(r) = -r**2 + 13*r + 2. Let q be i(0). Suppose t = 5*j - 512, -4*j - 3*t = -q*t - 406. Calculate the greatest common divisor of 255 and j.
51
Let x = -2033 + 2207. Calculate the highest common factor of x and 24.
6
Suppose 0 = -x - t + 228, 265 = 2*x + 4*t - 185. Calculate the highest common divisor of x and 363.
33
Let h be 5/((-2)/(-28)*-2). Let j = h - -43. Suppose 0 = 23*l - 30*l + 42. Calculate the greatest common divisor of l and j.
2
Suppose 129*f + 490 = 5908. What is the greatest common divisor of f and 1491?
21
Suppose -6089 - 30007 = -64*x. What is the greatest common factor of 4 and x?
4
Let c be ((-13)/(-2))/(((-73)/876)/((-40)/3)). What is the highest common divisor of 64 and c?
16
Suppose 0 = -0*i - i - 3*m + 403, -3*i - 5*m + 1193 = 0. Let z = -379 + i. Calculate the greatest common factor of 16 and z.
4
Suppose -4*u + 6*u - 608 = -4*b, -6*u = -3*b + 486. Let k = 26 + -4. What is the highest common divisor of b and k?
22
Let c(h) = 4*h**3 + 33*h**2 - 10*h - 108. Let y be c(-8). Calculate the highest common divisor of y and 2340.
36
Let f = 15506 - 12448. Calculate the highest common factor of 44 and f.
22
Suppose -v - 2*b + 98 = -51, 8*v = 2*b + 1138. Let a be 0 - (-24 - (4 - 6)). What is the highest common factor of v and a?
11
Let l be (-2308)/20 - -3*(-2)/(-15). Let f = 135 + l. What is the highest common factor of 80 and f?
20
Let r(u) = -13*u + 205. Let c be r(13). Suppose 35*w + 86 = c*w. Calculate the highest common divisor of w and 946.
86
Suppose -29*s + 133 = -48*s. Let d be (-3)/(-2) - s/28*522. Calculate the greatest common divisor of 231 and d.
33
Suppose -2*o = o + 1116. Let h = 628 + o. What is the highest common divisor of 48 and h?
16
Suppose 3*g = 10*g - 35. Suppose -3*h + g*o = 19, h + 5*o - 13 - 14 = 0. Calculate the greatest common factor of h and 22.
2
Suppose 18*a - 9400 - 10400 = 0. What is the greatest common factor of 308 and a?
44
Let o(v) be the second derivative of v**4/12 + v**3 - 2*v. Let c be o(-7). Let n = -72877 - -72884. What is the highest common factor of c and n?
7
Let r(b) = -b**3 + 12*b**2 - 10*b + 10. Let q be r(11). Let d(n) = 27*n**2 - 3. Let l be d(2). What is the highest common divisor of q and l?
21
Let r be (-3780)/567*12132/(-5). Calculate the greatest common factor of 48 and r.
48
Let x be 47 + (3 + 9 - 9). Let c be 100 - (0 + 0/(-3)). What is the greatest common factor of c and x?
50
Suppose 4*u = -6*r + 4*r + 4, -5*r - u = -55. Let a be (-1)/3 + 580/r. Calculate the highest common factor of 3 and a.
3
Let z = 4277 - 4253. Calculate the greatest common factor of z and 568.
8
Suppose 12*t - 1760 = -3*t + 4*t. What is the highest common factor of 368 and t?
16
Suppose 0 = -203*c + 158*c + 1260. What is the highest common divisor of c and 3374?
14
Let n be 1632/9*(91/14 - 5). What is the greatest common divisor of n and 800?
16
Let d be (4 - 0)/((-8)/(-16)). Suppose 33 = 4*q + 1. What is the highest common divisor of d and q?
8
Suppose 1122 = 5*n - 363. Suppose -4*q + 963 = -0*s + 3*s, -2*q + 4*s = -498. Suppose 0 = -5*z + q - 78. What is the highest common divisor of z and n?
33
Let a(h) = 2056*h + 4626. Let p be a(6). Calculate the highest common factor of 6 and p.
6
Let c = 115 - 75. Let v(i) = i + 3. Let l be v(-3). Suppose 2*p - 45 = -q, p - 5 = 3*q - l. What is the highest common divisor of c and p?
20
Suppose -5*o + 77*f - 73*f = -6039, -2*f = 12. Calculate the greatest common factor of 3 and o.
3
Let v = -25857 - -33809. What is the highest common factor of v and 336?
112
Suppose 3*s - 2*i = s - 214, -i = -2*s - 209. Let a = -71 - s. Suppose 0 = -5*z, -8*z - 62 = -2*q - 3*z. What is the greatest common factor of a and q?
31
Let u be (16 - -2) + 1 + -1. Let g be (-4)/(-18) + 0 - 57035/(-153). Let d = -283 + g. Calculate the highest common divisor of d and u.
18
Let o = -25834 - -25930. Let x(g) = 2*g**3 - 2*g**2 - 4*g. Let y be x(4). What is the highest common divisor of y and o?
16
Suppose 0 = -2*z + 3*n - 8, 49*z = 52*z - 5*n + 14. Calculate the highest common factor of 17 and z.
1
Suppose 2*d + 5*p - 35 = 0, p = -4*d + 34 - 9. Let g(j) = 2*j**2 - 3*j + 5. Let x be g(5). What is the highest common divisor of d and x?
5
Suppose 4*u = -1244*d + 1247*d + 513, 3*d - 411 = -3*u. What is the greatest common factor of 8250 